. What is the units digit of c(x)?
7
Let k(m) = 11*m**2 - 11*m - 9. What is the hundreds digit of k(-4)?
2
Suppose 8 = -5*o - 2. Let v = o + 10. What is the units digit of v?
8
Suppose -3*j = -6*j + 312. What is the units digit of j?
4
Suppose -3*x + 13 = 1. Let u be 2 - 0 - (-16)/(-2). What is the tens digit of x/u + (-372)/(-18)?
2
Let m be (8/(-6))/(1/(-3)). Let h(l) be the third derivative of l**4/8 - 5*l**3/6 + 8*l**2. What is the units digit of h(m)?
7
Let v(f) be the second derivative of -f**3 - 3*f. Let o be v(-2). Let b = o - 4. What is the units digit of b?
8
Let h(t) = 2*t - 7. Let c be h(5). Suppose c*s + 14 = 4*x, 2*x = -5*s - 2*x + 30. What is the units digit of (0 - -1) + s*3?
7
Let u(a) = 2*a - 5. Let z(s) = -2*s + 6. Let j(r) = 4*u(r) + 3*z(r). Let n be j(6). Suppose -5*w - 30 = -n*w. What is the units digit of w?
6
Suppose -183*w + 188*w - 755 = 0. What is the units digit of w?
1
Let w(c) = c**3 + 6*c**2 - 7*c + 7. Let d be w(-7). Let p be d/(-2)*(-8)/14. Suppose p = n - 9. What is the tens digit of n?
1
Let z = -26 - -94. What is the units digit of z?
8
Suppose 0 = 5*f - 4*f - 44. What is the units digit of f?
4
Suppose 2*s - 10 = 0, 8*s - 3*s - 138 = -g. What is the hundreds digit of g?
1
Let z = 1294 - 891. What is the hundreds digit of z?
4
Let h = 1 + -1. Suppose -2*d + h*d - q = -5, -5*d + 26 = -2*q. Let s = d + -2. What is the units digit of s?
2
Let x(s) be the first derivative of 8*s + 4*s**2 + 3 + 1/3*s**3. What is the units digit of x(-7)?
1
Let s(a) = 2*a - 5. Suppose -2*q - 5 = -7*q. Let f = q + 3. What is the units digit of s(f)?
3
Let c = -4 + 4. Suppose -4*l + 39 + 9 = c. Suppose -5*g + 57 - l = 0. What is the units digit of g?
9
Let n be (-4)/8 + (-1)/(-2). Let d(t) = t + 4. What is the units digit of d(n)?
4
Let o be (-6)/(1 + 2)*-1. Let t(z) = 0*z**2 + 3*z + 1 - 3*z + 2*z + z**o. What is the units digit of t(-4)?
9
Let c(h) = h**3 - 9*h**2 + 11*h - 1. What is the tens digit of c(8)?
2
Let v = -19 + 20. What is the units digit of v/(-3)*(5 + -47)?
4
Suppose 0 = -4*s - 6*f + 2*f + 8, -4*s - 1 = f. Let n = 3 - s. What is the units digit of 92/6 + n/(-12)?
5
Suppose 5*x - 843 + 158 = -2*k, 970 = 3*k - 4*x. What is the hundreds digit of k?
3
Let b = 81 + 8. Suppose 5*k + b = -171. What is the units digit of k/(-12) - 2/(-3)?
5
Suppose -2*y - 6 = -y. Let s(f) = -f + 3. What is the units digit of s(y)?
9
Let f(v) = -v**3 + 8*v**2 - 9*v + 5. What is the tens digit of f(6)?
2
Let y = 19 - 2. What is the tens digit of y?
1
Let m(n) be the second derivative of n**3/6 - n**2 - 5*n. What is the units digit of m(11)?
9
Let b(k) = k**3 + 26*k**2 + 26*k + 37. What is the tens digit of b(-25)?
1
Let i(d) = 63*d**3 - 1. What is the tens digit of i(1)?
6
Suppose 0*f + 4 = f. Suppose 0*t = -f*t. Suppose 4 = -t*c + 4*c. What is the units digit of c?
1
Suppose 6*f = 4*f + 26. What is the units digit of f?
3
Let o(u) = 7*u**2 + 13*u - 15. What is the hundreds digit of o(-7)?
2
Let h = -19 + 27. Let b(s) = 9*s - 16. What is the units digit of b(h)?
6
What is the tens digit of 4/14 - (-2 + 4818/(-42))?
1
Let n(x) = -x + 2. Let p be n(3). Let m = 21 - 20. What is the tens digit of (m - p)*1 - -13?
1
Let s(l) be the first derivative of -l**3/3 + l**2/2 + 11*l + 1. Let o be s(0). Let q = o + 4. What is the units digit of q?
5
What is the units digit of 62 - ((-16)/4 - -2)?
4
What is the units digit of (-526)/(-4)*(14 - 12)?
3
Let p(w) = 11*w**3 + 2*w**2 - 1. Let q be p(1). Let z = 6 + q. What is the tens digit of z?
1
Let r = 19 - 10. Suppose 0*p - a + r = 2*p, 5*p + 3*a = 24. What is the units digit of p?
3
Let o = 4 - 0. Let w = -28 + 27. Let g = o - w. What is the units digit of g?
5
Let k = 17 + -33. What is the units digit of (24/k)/((-3)/4)?
2
Let q be -29 - (-3 + 3 + 3). Suppose 5*o + 3*v + 170 = 52, 5*o = 3*v - 112. Let m = o - q. What is the units digit of m?
9
Let b = 1 - -8. What is the units digit of b?
9
Let s(j) = -j**3 - 3*j**2 + 5*j + 6. What is the units digit of s(-4)?
2
Suppose -18 = -q + k - 3*k, 0 = q + k - 18. What is the units digit of q?
8
Let t = 8 - 18. Let p = t + 24. What is the units digit of p?
4
Let g(j) = -2*j + 1. Let c be g(-4). Suppose -d - 2*d + c = 0. Suppose u + 1 - 2 = -4*y, 0 = y + d. What is the units digit of u?
3
Let f = -28 - -30. Suppose 0 = -f*t - 2, -5*m = t - 49 - 140. What is the tens digit of m?
3
Suppose -7 = -5*z + 2*d, z + 5*d = -0*z + 23. Suppose z*r = -3*m + 4*m + 123, 2*m - 48 = -r. What is the units digit of r?
2
Suppose 0 = -5*v + 2*v + 3. Suppose 5*b - 7 - 3 = 0. Suppose -1 = 3*h + 4*k, -k = h - b + v. What is the units digit of h?
5
Suppose 2*m - 364 = -5*m. What is the tens digit of m?
5
Let i be (-3 - -3) + (9 - -1). Suppose -2 = 4*f + i. Let z(m) = -m**2 - 7*m - 4. What is the units digit of z(f)?
8
Let i(n) = n - 4. What is the units digit of i(8)?
4
Let r(z) = -14*z - 9. What is the hundreds digit of r(-8)?
1
Let y = 87 - 26. What is the units digit of y?
1
Let k be -1 - -3 - (-3)/(-1). Let i = 9 - k. Suppose -3*t + 29 + i = -5*s, 30 = 3*t - 2*s. What is the units digit of t?
8
Let w(v) = v + 9. Let q be w(-5). Suppose 4*o - g = 64, -q*g + 25 = 3*o - 42. What is the tens digit of o?
1
Let x = -6 + 14. Let s(g) = g**3 - 8*g**2 + g + 2. What is the units digit of s(x)?
0
Suppose -4*d + 2*r = -482, r = 5*d + 8 - 609. What is the units digit of d?
0
Let z(w) = 3*w**2 + 3*w + 2. Let d = 4 - 1. Suppose -d + 9 = -3*s. What is the units digit of z(s)?
8
Let r(j) = j + 12. Let s be r(-9). Let b(f) = 2*f - 3. What is the units digit of b(s)?
3
Let k(z) be the second derivative of z**4/4 - z**3 + 7*z**2 - z. Let x(h) = h**2 + h + 1. Let n(c) = k(c) - 4*x(c). What is the tens digit of n(-10)?
1
Let p(o) = 2*o**2 + 5*o + 3. Suppose 3*l = 5*z, 4*z = 5*l + 15 - 2. Let x = z + 0. What is the units digit of p(x)?
6
Suppose -2*b + 3*u = 2*u + 2, b + 1 = 2*u. What is the tens digit of 49/3 + b/3?
1
Let l = 45 - 33. What is the units digit of l?
2
Let h be 2*3/(6/(-1)). Let w(v) be the first derivative of -15*v**2/2 - v + 2. What is the tens digit of w(h)?
1
Let a(j) = -29*j**3 - j**2 + 1. Let u be a(-1). Let z = -13 + u. What is the units digit of z?
6
Suppose 0 = 22*d - 3623 - 755. What is the tens digit of d?
9
Let r be 0 - 2*3/(-2). Suppose -4 = s - r*s. Suppose 0*p - 4*p + 3*v + 51 = 0, 1 = -p - s*v. What is the units digit of p?
9
Let x = 3 - 0. Suppose -2*c = -0*c - x*i - 2, -3*i + 4 = 4*c. What is the units digit of (-28)/(-4) - (-1 + c)?
7
Let p = 10 - -2. What is the tens digit of 5/(2/p*2)?
1
Let g = 10 + -9. Let z(u) = 17*u**3 + u**2 - 2*u + 1. What is the tens digit of z(g)?
1
Let a be (44/6)/((-4)/(-6)). Let k = a + -7. What is the units digit of (3 - 10/k)*28?
4
Suppose -3*a = 18 - 105. Let g = 50 - a. Let k = 29 - g. What is the units digit of k?
8
Suppose 2*o - 5*z + 2 = 0, 4*o + 5*z + 1 = -3. Let s be 14 + (0 - 3)*o. Let v = -6 + s. What is the tens digit of v?
1
Let x be (-324)/(-2 - 1) - 3. Suppose -3*q + 0*a - 5*a + x = 0, -a = q - 33. What is the units digit of q?
0
Let q(u) = -u**3 + 2*u**2 - 2*u + 196. What is the tens digit of q(0)?
9
Let s(w) = 7*w**3 - 30*w**2 - 17*w - 3. Let c(f) = -3*f**3 + 15*f**2 + 9*f + 1. Let l(y) = 9*c(y) + 4*s(y). What is the tens digit of l(-14)?
1
Let l(b) = -2*b**3 - 4*b**2 + 3*b. Let t be l(2). Let w = -3 - t. What is the tens digit of w?
2
What is the tens digit of (13/4)/(5/120)?
7
Let i(a) = a**2 + 2*a + 3. Let q be i(-2). Let s be (12 - 0)*(-4)/8. Let o = q - s. What is the units digit of o?
9
Suppose -2*q - q + 2*n = -18, 4*q - 5*n = 24. Let b be (-4)/q + 4/6. Suppose 2*k - 17 + 5 = b. What is the units digit of k?
6
Suppose n + 0 - 2 = -4*a, 2*n - a = 22. Suppose 3*t - 5*t + n = 0. What is the units digit of t?
5
Let d = -307 + 157. What is the tens digit of 2/(-3)*d/4?
2
Let o be (1/2)/((-2)/(-28)). Suppose 3*l + 40 = o*l. What is the tens digit of l?
1
Let h(i) = i**3 + 4*i**2 + 2*i - 1. Let d be h(-3). Suppose g + 4*o - 21 = 0, -2*o - 12 = -2*g - d*g. Suppose -g*s = -28 - 7. What is the units digit of s?
7
Let d be (-2)/(-13) + (-400)/65. Let g = d - -14. What is the units digit of g?
8
Let a = -30 - -78. Suppose 20 = 4*h - a. What is the tens digit of h?
1
Suppose 4*z + 0*q + 3*q = -27, -z + 7 = -2*q. Let w(h) = h**3 + 5